ommon divisor of 60 and 1212?
12
What is the greatest common divisor of 8 and 45?
1
What is the greatest common factor of 1829 and 1062?
59
Calculate the highest common factor of 38 and 2.
2
Calculate the highest common divisor of 3219 and 37.
37
Calculate the greatest common factor of 420 and 1200.
60
What is the highest common divisor of 37 and 2?
1
Calculate the greatest common divisor of 738 and 3.
3
Calculate the highest common divisor of 640 and 40.
40
What is the greatest common factor of 172 and 129?
43
Calculate the greatest common divisor of 102 and 96.
6
Calculate the greatest common divisor of 2451 and 1419.
129
What is the greatest common divisor of 116 and 87?
29
Calculate the greatest common factor of 444 and 36.
12
What is the highest common factor of 122 and 183?
61
What is the greatest common divisor of 126 and 14?
14
Calculate the highest common divisor of 207 and 115.
23
What is the highest common factor of 40 and 130?
10
What is the highest common factor of 32 and 120?
8
Calculate the highest common divisor of 42 and 3066.
42
What is the greatest common divisor of 748 and 44?
44
Calculate the highest common divisor of 9809 and 17.
17
What is the highest common factor of 1818 and 18?
18
Calculate the highest common divisor of 27 and 67.
1
Calculate the greatest common factor of 440 and 200.
40
Calculate the greatest common factor of 44 and 8074.
22
Calculate the greatest common divisor of 34 and 442.
34
What is the greatest common divisor of 72 and 156?
12
What is the highest common divisor of 240 and 1476?
12
Calculate the greatest common factor of 216 and 7182.
54
What is the greatest common factor of 60 and 20?
20
What is the highest common divisor of 42 and 39?
3
Calculate the greatest common divisor of 9 and 801.
9
Calculate the greatest common divisor of 4 and 92.
4
Calculate the greatest common factor of 184 and 23.
23
Calculate the greatest common factor of 150 and 10.
10
Calculate the highest common divisor of 27 and 101.
1
What is the greatest common factor of 45526 and 884?
442
Calculate the highest common factor of 264 and 22.
22
Calculate the highest common factor of 1396 and 12.
4
Calculate the greatest common factor of 68 and 3332.
68
What is the greatest common factor of 39 and 195?
39
What is the greatest common divisor of 5 and 7765?
5
What is the highest common divisor of 108 and 27?
27
What is the greatest common divisor of 2052 and 456?
228
What is the greatest common divisor of 408 and 3162?
102
What is the greatest common divisor of 4890 and 12?
6
Calculate the greatest common divisor of 11400 and 5.
5
Calculate the highest common factor of 15407 and 7.
7
What is the highest common divisor of 10 and 16990?
10
Calculate the highest common factor of 142 and 3692.
142
Calculate the greatest common factor of 11918 and 202.
202
Calculate the greatest common factor of 44 and 198.
22
What is the highest common divisor of 666 and 90?
18
Calculate the greatest common factor of 10 and 90.
10
What is the highest common divisor of 98 and 6286?
14
What is the greatest common divisor of 59 and 3776?
59
Calculate the greatest common factor of 1561 and 77.
7
What is the greatest common divisor of 646 and 170?
34
Calculate the greatest common factor of 36 and 1416.
12
Calculate the highest common divisor of 33 and 1056.
33
What is the greatest common factor of 178 and 14062?
178
Calculate the greatest common divisor of 40928 and 32.
32
Calculate the greatest common divisor of 140 and 8.
4
What is the greatest common divisor of 250 and 270?
10
What is the greatest common divisor of 3434 and 68?
34
What is the greatest common factor of 1536 and 192?
192
Calculate the greatest common divisor of 4343 and 43.
43
What is the greatest common divisor of 6 and 13254?
6
Calculate the greatest common factor of 15983 and 11.
11
Calculate the greatest common factor of 10 and 275.
5
What is the highest common factor of 1273 and 67?
67
Calculate the highest common divisor of 150 and 3210.
30
Calculate the highest common factor of 343 and 14.
7
Calculate the greatest common factor of 810 and 18.
18
What is the highest common factor of 42 and 546?
42
Calculate the greatest common factor of 49 and 497.
7
What is the greatest common factor of 153 and 144?
9
Calculate the highest common divisor of 36 and 732.
12
What is the highest common factor of 2507 and 69?
23
What is the highest common factor of 54 and 81?
27
Calculate the highest common divisor of 235 and 7520.
235
What is the highest common divisor of 2641 and 38?
19
Calculate the greatest common factor of 10 and 50.
10
Calculate the greatest common factor of 34 and 5746.
34
What is the greatest common divisor of 112 and 232?
8
Calculate the greatest common divisor of 49 and 833.
49
Calculate the highest common divisor of 3500 and 1100.
100
What is the greatest common factor of 112 and 28784?
112
Calculate the greatest common divisor of 1668 and 695.
139
Calculate the greatest common factor of 189 and 369.
9
Calculate the highest common divisor of 256 and 496.
16
Calculate the highest common factor of 3525 and 3.
3
Calculate the highest common factor of 7 and 6.
1
What is the highest common divisor of 5880 and 140?
140
Calculate the highest common factor of 296 and 8.
8
What is the highest common factor of 384 and 210?
6
What is the greatest common divisor of 80 and 30?
10
Calculate the highest common factor of 352 and 44.
44
What is the greatest common divisor of 52048 and 16?
16
What is the highest common factor of 210 and 336?
42
Calculate the greatest common factor of 2794 and 154.
22
Calculate the highest common factor of 2091 and 123.
123
What is the greatest common divisor of 83 and 4399?
83
What is the highest common divisor of 7 and 35?
7
Calculate the greatest common divisor of 8414 and 14.
14
Calculate the greatest common factor of 1100 and 200.
100
What is the highest common divisor of 209 and 133?
19
What is the highest common factor of 27 and 99?
9
What is the highest common factor of 495 and 99?
99
Calculate the greatest common divisor of 27 and 2160.
27
What is the greatest common divisor of 24 and 3768?
24
Calculate the greatest common factor of 8 and 5176.
8
What is the highest common factor of 210 and 9730?
70
Calculate the greatest common divisor of 16 and 1396.
4
What is the greatest common factor of 244 and 2074?
122
What is the highest common divisor of 399 and 1482?
57
What is the greatest common divisor of 196 and 112?
28
Calculate the greatest common factor of 60766 and 46.
46
What is the highest common factor of 2556 and 45?
9
What is the greatest common divisor of 7614 and 216?
54
Calculate the highest common divisor of 1 and 61.
1
Calculate the greatest common divisor of 388 and 8.
4
What is the highest common factor of 15 and 185?
5
What is the greatest common factor of 412 and 4?
4
What is the highest common factor of 1734 and 12?
6
Calculate the highest common divisor of 1 and 2.
1
What is the greatest common divisor of 3648 and 57?
57
What is the greatest common divisor of 2201 and 71?
71
Calculate the highest common factor of 59 and 1593.
59
Calculate the highest common divisor of 120 and 33900.
60
What is the highest common divisor of 16324 and 616?
308
What is the greatest common divisor of 948 and 492?
12
What is the greatest common divisor of 32 and 92?
4
Calculate the highest common divisor of 52 and 338.
26
What is the highest common factor of 545 and 872?
109
What is the highest common divisor of 413 and 118?
59
Calculate the greatest common divisor of 10 and 15260.
10
What is the highest common divisor of 176 and 110?
22
Calculate the greatest common divisor of 2981 and 77.
11
Calculate the highest common factor of 11 and 187.
11
What is the greatest common factor of 135 and 1323?
27
Calculate the highest common divisor of 57 and 2.
1
What is the highest common divisor of 18 and 84?
6
Calculate the highest common divisor of 528 and 462.
66
What is the greatest common factor of 19 and 1311?
19
What is the highest common factor of 258 and 12?
6
What is the greatest common factor of 279 and 124?
31
What is the greatest common factor of 70 and 9926?
14
Calculate the greatest common divisor of 1476 and 1640.
164
Calculate the highest commo